 = 198455 - 198435. Suppose -2*s = s - 435. Let f = s - 66. Calculate the remainder when f is divided by y.
19
Let k(v) = -19*v + 4. Suppose -2*f - 2*m = 119 + 81, -m = -3*f - 300. Let c = -59 - f. Calculate the remainder when k(-4) is divided by c.
39
Let k = -40 + 55. Suppose 4*d + 2*s - 6 = 0, -5*d = -s - 4*s - k. Calculate the remainder when (-2 - 466/d)*16/(-40) is divided by 25.
19
Let p be 190/35 + 1 + 40/(-28). Suppose 7 = 3*t - 44. What is the remainder when 1032/16 - p/10 is divided by t?
13
Let l(r) = r**2 + 16*r + 102. Calculate the remainder when l(-4) is divided by ((4 - 1)/3)/(1/19).
16
Let x be (53/2)/(4/40). Suppose -12*l + x = -7*l. What is the remainder when l is divided by (-4)/18 + -3*505/(-135)?
9
Let b(k) = -13*k + 187. Let y be b(15). Let s(h) = -31*h + 206. Calculate the remainder when s(y) is divided by 8.
6
Suppose 5*u - 341 = 2*y, -59*y + 55*y = 12*u - 880. Suppose -5*o + 2*o = -27. What is the remainder when u is divided by o?
8
Calculate the remainder when 17919 is divided by -12 + 136 - 11 - (2 + -3 + 2).
111
Suppose -8*i = 9*i. Let z(c) = 14*c + 3. Calculate the remainder when 9/2 - (-3)/(-2) is divided by z(i).
0
Suppose -3*a + 2*k + 171 = 164, -k = 2*a - 7. Calculate the remainder when 78 is divided by a.
0
Suppose -2*o = 3*k - 16, o - k - 8 = 10. Suppose -l - 2*l - 4*z = -18, -z = 2*l - 12. Calculate the remainder when (3 - ((-8)/4 + 2)) + o is divided by l.
5
Suppose -5*p + 4*a + 119 = -44, 3*p = 2*a + 99. Let x(i) = -10*i + 987. Calculate the remainder when x(78) is divided by p.
32
Suppose 26*f + f = 132 + 3. Calculate the remainder when 581 is divided by f.
1
Suppose 4*q = -3*m - 24, 2*q + 0*m + 4*m + 12 = 0. What is the remainder when 11 is divided by (-290)/(-70) - (q/7 - -1)?
3
Let z(o) = -3*o**3 + 10*o**2 + 2*o - 6. Suppose 0 = x - 92 + 24. What is the remainder when x is divided by z(3)?
5
Suppose 0*o - o - x = -123, -19*x - 267 = -2*o. What is the remainder when 999 is divided by o?
7
Suppose 59*s + 12 = 63*s. Suppose -m + 7 - 1 = -q, 0 = s*m - 2*q - 15. Suppose 10 = m*a - 38. What is the remainder when 31 is divided by a?
15
Let i = -111 - -193. Let b(w) = -6*w**2 - 57*w - 109. Calculate the remainder when i is divided by b(-6).
14
Calculate the remainder when 195 is divided by (105/15)/(3/(-3)) + 30.
11
Let x(d) = 100*d - 10. Let b be x(3). Suppose 2*t = -t + 60. Suppose 25*y - b = t*y. Calculate the remainder when y is divided by 10.
8
Suppose 4*l - 114 = 2*z, 0 = 2*l + 4*z - z - 69. Let d = 1266 - 1207. Calculate the remainder when d is divided by l.
29
Suppose 16*f - 11*f = 140. Calculate the remainder when (-15)/20*102/(-9)*6 is divided by f.
23
Let z = 6334 - 5241. What is the remainder when z is divided by 113?
76
Let w(n) = 4*n**2 + 19*n - 236. What is the remainder when 1294 is divided by w(7)?
85
What is the remainder when (-58)/(-1)*2/2 is divided by 4*((-126)/12 + 13)?
8
Let p = 330 + -207. Calculate the remainder when p is divided by 30.
3
Suppose -42*j + 39*j - 315 = 0. Let b = j + 108. Suppose s = -b*m + 86 + 198, 400 = 4*m - 4*s. What is the remainder when m is divided by 34?
28
Let w = -16 - -16. Suppose w = -r - r - 16. Let t = 22 + r. What is the remainder when 26 is divided by t?
12
Let s(v) = -5*v**3 + 5*v**2 - 3*v + 1. Let j be s(3). Let o = j - -149. Calculate the remainder when o is divided by 13.
12
Suppose 8*y = 38*y - 150. What is the remainder when 4 + -6 - y - -69 is divided by 16?
14
Suppose 148*a - 4494 - 18150 = 0. Calculate the remainder when 450 is divided by a.
144
Let b = -27 + 34. Suppose -10*h + 9 = -b*h. Calculate the remainder when (1 - (3 - (-5)/(-3)))*-27 is divided by h.
0
Let r(d) = -2*d**3 - 5*d**2 - 10*d + 23. Let u be r(-5). What is the remainder when (-3)/(u/76 + -3)*10 is divided by 41?
35
Suppose 2*f + 3 = 3*b, 0*f = -5*f + 15. Suppose -3*o = b*z - 72, -o = -5*z + 4 - 10. Let w(i) = 4*i - 47. Calculate the remainder when w(o) is divided by 13.
11
Suppose 2*w = -3*z - 11 + 134, 4*z + 193 = 3*w. Calculate the remainder when 619 is divided by w.
52
Let y(c) = -3*c + 5. Suppose -6*x = -2*x - 20. Let l = 4 + x. Calculate the remainder when y(-4) is divided by l.
8
Let g(c) = 325*c**2 + 3*c - 3. Let r = 827345 + -827258. Calculate the remainder when g(2) is divided by r.
85
Let u(l) = -l + 9. Let b be u(7). Suppose b*o - 140 = -3*o. Suppose -7 = -2*z + 13. What is the remainder when o is divided by z?
8
Let l be 9/(-4 - 148/(-36)). Let h = -118 + l. Let t = 42 + h. What is the remainder when 8 is divided by t?
3
Suppose -5*f = -2*l + 2041, 1852 = 2*l - 3*f + 25*f. What is the remainder when l is divided by 43?
14
What is the remainder when 2174 is divided by (-18*14/105)/(21/(-2380))?
270
Suppose -24*t + 12340 = -14444. Let o = t - 947. Calculate the remainder when o is divided by 5.
4
What is the remainder when 83 is divided by ((-42)/11)/((-1)/11) + 5?
36
Let a = 4887 - 4728. What is the remainder when 555 is divided by a?
78
Suppose 5880*d = 5929*d - 35574. What is the remainder when d is divided by 238?
12
Let j be (2/(-10))/(-6 - (-9145)/1525). Let b = 171 - j. Let w = b - 106. Calculate the remainder when w is divided by 4.
0
Suppose 0 = -3*o - 58 + 1390. Suppose -12*u = -o + 108. Suppose 0 = 2*h + h - 24. What is the remainder when u is divided by h?
4
Suppose 0 = x - 3*x + 8. Let h(y) = -y**2 + 13*y + 20. Let p be h(0). Suppose x*a = 5*a - p. What is the remainder when 35 is divided by a?
15
Let s = -36 - -70. Let k(q) = -25*q - s - q**2 - 9*q**2 + q**3 + 52. Calculate the remainder when 26 is divided by k(12).
2
Suppose 26505*c + 128 = 26521*c. Calculate the remainder when 581 is divided by c.
5
Calculate the remainder when 236 is divided by ((-2)/16)/(43/(-38184)).
14
Let c = -6 - -31. Let q = 13058 - 11778. Suppose -35*u + q = -c*u. What is the remainder when u is divided by 43?
42
Suppose g - 116 = -3*g. What is the remainder when g is divided by (9/(-5)*(-2140)/321)/4?
2
Suppose -364 = 4*t - 2*d - 16490, 2*d = -2*t + 8060. Calculate the remainder when t is divided by 369.
341
Calculate the remainder when 118 is divided by 1 + 0 + ((-3)/(-54) - 6409/(-306)).
8
Let j(q) = 8*q - 2. Suppose o = -2*t - t + 17, 0 = 2*o - 3*t + 2. Suppose -3*z + o + 1 = 0. Calculate the remainder when 22 is divided by j(z).
8
Suppose -25*o + 24*o = -71. Suppose 77*l - 1176 = o*l. What is the remainder when l is divided by 20?
16
Let m(d) be the first derivative of 63*d**4/2 + d**3 - 2*d**2 + 2*d + 48. Calculate the remainder when m(1) is divided by 26.
23
Let a = -24386 - -24710. Calculate the remainder when a is divided by 178.
146
Suppose 0 = 4*k - 4*j - 104, 5*k - 122 = 4*j - j. Suppose -1103 - 1603 = -k*q. What is the remainder when q is divided by 55?
13
Let z = -2091 + 2474. What is the remainder when z is divided by 127?
2
Let l(i) = 5*i**2 + 66*i - 258. Calculate the remainder when 4722 is divided by l(4).
78
Suppose 2 + 3 = -5*d. Let k = 206 - 94. Calculate the remainder when k is divided by (-3 - d)*((-27)/2 + -1).
25
Let t = 320 + -228. Let v(x) = 29*x - 276. What is the remainder when t is divided by v(10)?
8
Suppose 0 = -19*b + 1610 + 1449. Suppose b*n - 169*n = -232. Calculate the remainder when 43 is divided by n.
14
Let x be ((-26)/6)/((-5)/45). Suppose 21 = 6*a - x. Suppose -6 = -a*r + 664. Calculate the remainder when r is divided by 23.
21
Let j(u) = 13*u**2 - 31*u + 5. Suppose 70 = -11*w + 103. What is the remainder when 33 is divided by j(w)?
4
Suppose 26 = 5*o - 9. Let l(a) = a**3 + 14*a**2 + 9*a - 252. Calculate the remainder when l(-11) is divided by o.
5
Let t = 102 - 54. Suppose -t = 3*w - 5*w. Let p = -953 + 1045. Calculate the remainder when p is divided by w.
20
Suppose 6*h = 4*o + 2*h - 280, 5*o - 2*h - 353 = 0. Let k = o - 47. Suppose -5*p = 4*x - 31, 5*x - 20 = -3*p + 22. What is the remainder when k is divided by x?
6
Let n be (-4)/(250/83 - 3). Let c = -181 - n. What is the remainder when c is divided by 19?
18
Let t = 183 - 175. Suppose t*j = 6*j + 108. Calculate the remainder when j is divided by 5.
4
Suppose 7*c - 30 = 4*c. Let z(v) = -108*v + 350. Calculate the remainder when z(3) is divided by c.
6
Suppose -5 = -7*s - 19. What is the remainder when s*(212/(-4))/1 is divided by 32?
10
Suppose 2020 = t - a, t = 2*a + 157 + 1